{"id":221,"date":"2020-05-03T16:21:51","date_gmt":"2020-05-03T14:21:51","guid":{"rendered":"http:\/\/cmvillette.be\/?page_id=221"},"modified":"2025-12-11T10:14:09","modified_gmt":"2025-12-11T09:14:09","slug":"page-consultations-covid-19","status":"publish","type":"page","link":"https:\/\/cmvillette.be\/index.php\/page-consultations-covid-19\/","title":{"rendered":"page consultations covid-19"},"content":{"rendered":"<div class=\"test\">\n<span style=\"vertical-align: inherit;\"><span style=\"vertical-align: inherit;\"><span style=\"vertical-align: inherit;\">Le cabinet est ouvert du lundi au vendredi. <\/span><span style=\"vertical-align: inherit;\">Les consultations se font uniquement sur rendez-vous <\/span><\/span><\/span><span style=\"vertical-align: inherit;\"><span style=\"vertical-align: inherit;\"><span style=\"vertical-align: inherit;\">\u00a0par t\u00e9l\u00e9phone au 071 \/ 36.09.34. <\/span><span style=\"vertical-align: inherit;\">de 8h \u00e0 18h. ou via notre<a href=\"https:\/\/prendre-mon-rdv.com\/etablissement\/cabinet-medical-villette-cmvillette-marcinelle\"> site de prise de rdv<\/a><\/span><\/span><\/span><\/p>\n<p><span style=\"vertical-align: inherit;\"><span style=\"vertical-align: inherit;\"><span style=\"vertical-align: inherit;\">Pour les consultations concernant un \u00e9lectrocardiogramme, une spirom\u00e9trie, un traitement de verrue ou de molluscum, une petite chirurgie, la prise de rendez-vous se fait uniquement par t\u00e9l\u00e9phone du m\u00e9decin prestataire.<\/span><\/span><\/span><\/p>\n<h1 style=\"text-align: center;\"><u><span style=\"vertical-align: inherit;\"><span style=\"vertical-align: inherit;\"><span style=\"vertical-align: inherit;\">IMPORTANT<\/span><\/span><\/span><\/u><\/h1>\n<p>Si vous pr\u00e9sentez des sympt\u00f4mes tels que temp\u00e9rature, mal de gorge, rhume, toux, vous vous rappelons que le port du masque est obligatoire dans nos locaux.<\/p>\n<p><span style=\"vertical-align: inherit;\"><span style=\"vertical-align: inherit;\"><span style=\"vertical-align: inherit;\">Merci pour votre compr\u00e9hension.<\/span><\/span><\/span><\/p>\n<p><span style=\"vertical-align: inherit;\"><span style=\"vertical-align: inherit;\"><span style=\"vertical-align: inherit;\">Les Docteurs Geurinckx, De Couvreur\u00a0 et Dogan<\/span><\/span><\/span>\n<\/div>\n","protected":false},"excerpt":{"rendered":"<p>Le cabinet est ouvert du lundi au vendredi. Les consultations se font uniquement sur rendez-vous \u00a0par t\u00e9l\u00e9phone au 071 \/ 36.09.34. de 8h \u00e0 18h. ou via notre site de prise de rdv Pour les consultations concernant un \u00e9lectrocardiogramme, une spirom\u00e9trie, un traitement de verrue ou de molluscum, une petite chirurgie, la prise de rendez-vous [&hellip;]<\/p>\n","protected":false},"author":1,"featured_media":0,"parent":0,"menu_order":0,"comment_status":"closed","ping_status":"closed","template":"","meta":{"footnotes":""},"class_list":["post-221","page","type-page","status-publish","hentry"],"aioseo_notices":[],"_links":{"self":[{"href":"https:\/\/cmvillette.be\/index.php\/wp-json\/wp\/v2\/pages\/221","targetHints":{"allow":["GET"]}}],"collection":[{"href":"https:\/\/cmvillette.be\/index.php\/wp-json\/wp\/v2\/pages"}],"about":[{"href":"https:\/\/cmvillette.be\/index.php\/wp-json\/wp\/v2\/types\/page"}],"author":[{"embeddable":true,"href":"https:\/\/cmvillette.be\/index.php\/wp-json\/wp\/v2\/users\/1"}],"replies":[{"embeddable":true,"href":"https:\/\/cmvillette.be\/index.php\/wp-json\/wp\/v2\/comments?post=221"}],"version-history":[{"count":11,"href":"https:\/\/cmvillette.be\/index.php\/wp-json\/wp\/v2\/pages\/221\/revisions"}],"predecessor-version":[{"id":388,"href":"https:\/\/cmvillette.be\/index.php\/wp-json\/wp\/v2\/pages\/221\/revisions\/388"}],"wp:attachment":[{"href":"https:\/\/cmvillette.be\/index.php\/wp-json\/wp\/v2\/media?parent=221"}],"curies":[{"name":"wp","href":"https:\/\/api.w.org\/{rel}","templated":true}]}}